n 88219 is divided by 3?
1
What is the remainder when 3223 is divided by 3?
1
Calculate the remainder when 1687 is divided by 50.
37
Calculate the remainder when 20974 is divided by 7.
2
Calculate the remainder when 3801 is divided by 1880.
41
What is the remainder when 20895 is divided by 80?
15
What is the remainder when 439 is divided by 104?
23
Calculate the remainder when 8514617 is divided by 1580.
1577
What is the remainder when 244513 is divided by 179?
178
Calculate the remainder when 3790 is divided by 631.
4
What is the remainder when 377929 is divided by 10?
9
Calculate the remainder when 73785 is divided by 174.
9
What is the remainder when 448675 is divided by 9?
7
Calculate the remainder when 5218 is divided by 2526.
166
Calculate the remainder when 3883 is divided by 1276.
55
Calculate the remainder when 5949 is divided by 1369.
473
What is the remainder when 8956 is divided by 5?
1
What is the remainder when 4476 is divided by 280?
276
What is the remainder when 82155 is divided by 27364?
63
What is the remainder when 46440 is divided by 180?
0
What is the remainder when 1924622 is divided by 304?
302
What is the remainder when 1411 is divided by 178?
165
What is the remainder when 554 is divided by 92?
2
What is the remainder when 77216 is divided by 34?
2
What is the remainder when 108641 is divided by 50?
41
Calculate the remainder when 270052 is divided by 11741.
9
What is the remainder when 1418 is divided by 1402?
16
What is the remainder when 70886 is divided by 23625?
11
What is the remainder when 913766 is divided by 495?
491
Calculate the remainder when 76016 is divided by 1311.
1289
What is the remainder when 22334 is divided by 349?
347
What is the remainder when 5512 is divided by 103?
53
What is the remainder when 2252 is divided by 141?
137
Calculate the remainder when 3572 is divided by 211.
196
Calculate the remainder when 805 is divided by 804.
1
Calculate the remainder when 32852 is divided by 10886.
194
Calculate the remainder when 181277 is divided by 7251.
2
Calculate the remainder when 5604 is divided by 24.
12
What is the remainder when 334649 is divided by 115?
114
What is the remainder when 27469 is divided by 20?
9
What is the remainder when 4350 is divided by 938?
598
What is the remainder when 113326 is divided by 16?
14
What is the remainder when 835 is divided by 346?
143
Calculate the remainder when 251 is divided by 63.
62
Calculate the remainder when 3633 is divided by 32.
17
Calculate the remainder when 19949 is divided by 28.
13
What is the remainder when 3897 is divided by 583?
399
Calculate the remainder when 137337 is divided by 157.
119
Calculate the remainder when 3327 is divided by 238.
233
Calculate the remainder when 1550294 is divided by 84.
74
What is the remainder when 5778 is divided by 268?
150
Calculate the remainder when 6663885 is divided by 99.
96
What is the remainder when 194041 is divided by 27717?
22
What is the remainder when 1955 is divided by 901?
153
What is the remainder when 14027 is divided by 139?
127
Calculate the remainder when 4090 is divided by 2015.
60
What is the remainder when 7662 is divided by 1261?
96
What is the remainder when 78911 is divided by 16?
15
Calculate the remainder when 3903283 is divided by 253.
252
Calculate the remainder when 2146 is divided by 94.
78
What is the remainder when 9268 is divided by 30?
28
What is the remainder when 166165 is divided by 121?
32
Calculate the remainder when 11865 is divided by 1972.
33
What is the remainder when 906 is divided by 191?
142
What is the remainder when 1359 is divided by 419?
102
What is the remainder when 111948 is divided by 27966?
84
Calculate the remainder when 28345 is divided by 5667.
10
What is the remainder when 9451 is divided by 674?
15
What is the remainder when 82667 is divided by 443?
269
Calculate the remainder when 9526 is divided by 4746.
34
Calculate the remainder when 43223 is divided by 40.
23
Calculate the remainder when 102310 is divided by 116.
114
What is the remainder when 2138 is divided by 444?
362
Calculate the remainder when 5416 is divided by 5369.
47
Calculate the remainder when 57975 is divided by 14427.
267
Calculate the remainder when 96803 is divided by 1383.
1376
What is the remainder when 7150570 is divided by 26?
24
What is the remainder when 37417 is divided by 1559?
1
Calculate the remainder when 958251 is divided by 655.
641
Calculate the remainder when 5669 is divided by 315.
314
Calculate the remainder when 33710 is divided by 2407.
12
What is the remainder when 499001 is divided by 242?
239
What is the remainder when 22668 is divided by 296?
172
What is the remainder when 652 is divided by 632?
20
What is the remainder when 98573 is divided by 12321?
5
What is the remainder when 599 is divided by 116?
19
Calculate the remainder when 1800 is divided by 200.
0
What is the remainder when 7640 is divided by 2543?
11
What is the remainder when 60474 is divided by 205?
204
Calculate the remainder when 1725 is divided by 566.
27
Calculate the remainder when 2591 is divided by 175.
141
Calculate the remainder when 31051 is divided by 509.
2
Calculate the remainder when 77591 is divided by 732.
731
Calculate the remainder when 124388 is divided by 37.
31
Calculate the remainder when 5348 is divided by 446.
442
Calculate the remainder when 9793 is divided by 2447.
5
What is the remainder when 4501280 is divided by 853?
852
What is the remainder when 21260 is divided by 5313?
8
Calculate the remainder when 69865 is divided by 1588.
1581
What is the remainder when 1134 is divided by 929?
205
What is the remainder when 3193 is divided by 787?
45
What is the remainder when 15238 is divided by 2167?
69
Calculate the remainder when 55280 is divided by 193.
82
What is the remainder when 11506 is divided by 101?
93
Calculate the remainder when 8728 is divided by 29.
28
Calculate the remainder when 347799 is divided by 49.
46
Calculate the remainder when 71142 is divided by 277.
230
What is the remainder when 173415 is divided by 115?
110
Calculate the remainder when 50890 is divided by 1083.
1072
Calculate the remainder when 984957 is divided by 576.
573
What is the remainder when 26435 is divided by 2936?
11
Calculate the remainder when 34308 is divided by 1226.
1206
Calculate the remainder when 563389 is divided by 114.
1
Calculate the remainder when 2828 is divided by 38.
16
Calculate the remainder when 2647319 is divided by 40.
39
Calculate the remainder when 41431 is divided by 499.
14
Calculate the remainder when 44711 is divided by 394.
189
Calculate the remainder when 3011 is divided by 1500.
11
What is the remainder when 4766 is divided by 319?
300
What is the remainder when 3914 is divided by 8?
2
What is the remainder when 1074692 is divided by 62?
46
Calculate the remainder when 33546 is divided by 357.
345
What is the remainder when 4237 is divided by 478?
413
What is the remainder when 5133 is divided by 284?
21
What is the remainder when 16456 is divided by 16433?
23
Calculate the remainder when 36947 is divided by 7374.
77
Calculate the remainder when 5568 is divided by 219.
93
What is the remainder when 4639 is divided by 274?
255
What is the remainder when 1535 is divided by 28?
23
Calculate the remainder when 28735 is divided by 3190.
25
Calculate the remainder when 422035 is divided by 73.
22
What is the remainder when 30054 is divided by 30052?
2
What is the remainder when 11554 is divided by 21?
4
Calculate the remainder when 116423 is divided by 98.
97
What is the remainder when 193520 is divided by 322?
320
What is the remainder when 96627 is divided by 15?
12
What is the remainder when 76261 is divided by 605?
31
What is the remainder when 699 is divided by 69?
9
Calculate the remainder when 5710 is divided by 238.
236
What is the remainder when 26259 is divided by 11?
2
What is the remainder when 15196 is divided by 338?
324
Calculate the remainder when 3077 is divided by 143.
74
Calculate the remainder when 3533 is divided by 194.
41
Calculate the remainder when 86569 is divided by 92.
89
What is the remainder when 231 is divided by 44?
11
Calculate the remainder when 7955 is divided by 2615.
110
What is the remainder when 13801 is divided